{"id":20781,"date":"2024-07-23T15:27:06","date_gmt":"2024-07-23T18:27:06","guid":{"rendered":"https:\/\/www.mpc.pr.gov.br\/?page_id=20781"},"modified":"2025-02-13T11:39:53","modified_gmt":"2025-02-13T14:39:53","slug":"guia-de-boas-praticas-portais-da-transparencia","status":"publish","type":"page","link":"https:\/\/www.mpc.pr.gov.br\/index.php\/guia-de-boas-praticas-portais-da-transparencia\/","title":{"rendered":"Guia de Boas Pr\u00e1ticas: Portais da Transpar\u00eancia"},"content":{"rendered":"\t\t<div data-elementor-type=\"wp-page\" data-elementor-id=\"20781\" class=\"elementor elementor-20781\">\n\t\t\t\t\t\t<section class=\"elementor-section elementor-top-section elementor-element elementor-element-75be0929 elementor-section-height-min-height elementor-section-boxed elementor-section-height-default elementor-section-items-middle\" data-id=\"75be0929\" data-element_type=\"section\" data-e-type=\"section\" data-settings=\"{&quot;shape_divider_top&quot;:&quot;opacity-tilt&quot;}\">\n\t\t\t\t\t<div class=\"elementor-shape elementor-shape-top\" aria-hidden=\"true\" data-negative=\"false\">\n\t\t\t<svg xmlns=\"http:\/\/www.w3.org\/2000\/svg\" viewBox=\"0 0 2600 131.1\" preserveAspectRatio=\"none\">\n\t<path class=\"elementor-shape-fill\" d=\"M0 0L2600 0 2600 69.1 0 0z\"\/>\n\t<path class=\"elementor-shape-fill\" style=\"opacity:0.5\" d=\"M0 0L2600 0 2600 69.1 0 69.1z\"\/>\n\t<path class=\"elementor-shape-fill\" style=\"opacity:0.25\" d=\"M2600 0L0 0 0 130.1 2600 69.1z\"\/>\n<\/svg>\t\t<\/div>\n\t\t\t\t\t<div class=\"elementor-container elementor-column-gap-default\">\n\t\t\t\t\t\t<\/div>\n\t\t<\/section>\n\t\t\t\t<section class=\"elementor-section elementor-inner-section elementor-element elementor-element-61b3526 elementor-section-boxed elementor-section-height-default elementor-section-height-default\" data-id=\"61b3526\" data-element_type=\"section\" data-e-type=\"section\">\n\t\t\t\t\t\t<div class=\"elementor-container elementor-column-gap-wide\">\n\t\t\t\t\t<div class=\"elementor-column elementor-col-50 elementor-inner-column elementor-element elementor-element-8ec4ec4\" data-id=\"8ec4ec4\" data-element_type=\"column\" data-e-type=\"column\" data-settings=\"{&quot;background_background&quot;:&quot;classic&quot;}\">\n\t\t\t<div class=\"elementor-widget-wrap elementor-element-populated\">\n\t\t\t\t\t\t<div class=\"elementor-element elementor-element-5c18786 elementor-widget elementor-widget-heading\" data-id=\"5c18786\" data-element_type=\"widget\" data-e-type=\"widget\" data-widget_type=\"heading.default\">\n\t\t\t\t<div class=\"elementor-widget-container\">\n\t\t\t\t\t<h2 class=\"elementor-heading-title elementor-size-default\">Publica\u00e7\u00f5es<\/h2>\t\t\t\t<\/div>\n\t\t\t\t<\/div>\n\t\t\t\t<div class=\"elementor-element elementor-element-9d9bffd elementor-widget elementor-widget-n-accordion\" data-id=\"9d9bffd\" data-element_type=\"widget\" data-e-type=\"widget\" data-settings=\"{&quot;default_state&quot;:&quot;all_collapsed&quot;,&quot;max_items_expended&quot;:&quot;one&quot;,&quot;n_accordion_animation_duration&quot;:{&quot;unit&quot;:&quot;ms&quot;,&quot;size&quot;:400,&quot;sizes&quot;:[]}}\" data-widget_type=\"nested-accordion.default\">\n\t\t\t\t<div class=\"elementor-widget-container\">\n\t\t\t\t\t\t\t<div class=\"e-n-accordion\" aria-label=\"Accordion. Open links with Enter or Space, close with Escape, and navigate with Arrow Keys\">\n\t\t\t\t\t\t<details id=\"e-n-accordion-item-1650\" class=\"e-n-accordion-item\" >\n\t\t\t\t<summary class=\"e-n-accordion-item-title\" data-accordion-index=\"1\" tabindex=\"0\" aria-expanded=\"false\" aria-controls=\"e-n-accordion-item-1650\" >\n\t\t\t\t\t<span class='e-n-accordion-item-title-header'><div class=\"e-n-accordion-item-title-text\"> Manuais e Cartilhas <\/div><\/span>\n\t\t\t\t\t\t\t<span class='e-n-accordion-item-title-icon'>\n\t\t\t<span class='e-opened' ><i aria-hidden=\"true\" class=\"fas fa-minus\"><\/i><\/span>\n\t\t\t<span class='e-closed'><i aria-hidden=\"true\" class=\"fas fa-chevron-down\"><\/i><\/span>\n\t\t<\/span>\n\n\t\t\t\t\t\t<\/summary>\n\t\t\t\t<div role=\"region\" aria-labelledby=\"e-n-accordion-item-1650\" class=\"elementor-element elementor-element-8595cdd e-con-full e-flex e-con e-child\" data-id=\"8595cdd\" data-element_type=\"container\" data-e-type=\"container\">\n\t\t\t\t<div class=\"elementor-element elementor-element-72f178d elementor-widget elementor-widget-text-editor\" data-id=\"72f178d\" data-element_type=\"widget\" data-e-type=\"widget\" data-widget_type=\"text-editor.default\">\n\t\t\t\t<div class=\"elementor-widget-container\">\n\t\t\t\t\t\t\t\t\t<p><strong><em>\u2013<\/em><\/strong> <a href=\"https:\/\/www.mpc.pr.gov.br\/index.php\/guia-de-boas-praticas-portais-da-transparencia\/\">Guia de Boas Pr\u00e1ticas: Portais da Transpar\u00eancia<\/a><\/p><p><strong><em>\u2013 <\/em><\/strong><a href=\"https:\/\/www.mpc.pr.gov.br\/index.php\/manual-de-orientacao-aos-gestores-alimentacao-escolar\/\">Manual de Orienta\u00e7\u00e3o aos Gestores: Alimenta\u00e7\u00e3o Escolar<\/a><\/p><p><em><strong>\u2013 <\/strong><\/em><a href=\"https:\/\/www.mpc.pr.gov.br\/index.php\/cartilha-mpc-explica-para-voce-lgpd-x-lai\/\">Cartilha MPC Explica para Voc\u00ea: LGPD x LAI<\/a><\/p><p><em><strong>\u2013<\/strong> <\/em><a href=\"https:\/\/www.mpc.pr.gov.br\/index.php\/cartilha-cidadao-no-controle\/\">Cartilha \u201cCidad\u00e3o no Controle\u201d<\/a><\/p>\t\t\t\t\t\t\t\t<\/div>\n\t\t\t\t<\/div>\n\t\t\t\t<\/div>\n\t\t\t\t\t<\/details>\n\t\t\t\t\t<\/div>\n\t\t\t\t\t\t<\/div>\n\t\t\t\t<\/div>\n\t\t\t\t<div class=\"elementor-element elementor-element-2b5d767 elementor-widget elementor-widget-n-accordion\" data-id=\"2b5d767\" data-element_type=\"widget\" data-e-type=\"widget\" data-settings=\"{&quot;default_state&quot;:&quot;all_collapsed&quot;,&quot;max_items_expended&quot;:&quot;one&quot;,&quot;n_accordion_animation_duration&quot;:{&quot;unit&quot;:&quot;ms&quot;,&quot;size&quot;:400,&quot;sizes&quot;:[]}}\" data-widget_type=\"nested-accordion.default\">\n\t\t\t\t<div class=\"elementor-widget-container\">\n\t\t\t\t\t\t\t<div class=\"e-n-accordion\" aria-label=\"Accordion. Open links with Enter or Space, close with Escape, and navigate with Arrow Keys\">\n\t\t\t\t\t\t<details id=\"e-n-accordion-item-4540\" class=\"e-n-accordion-item\" >\n\t\t\t\t<summary class=\"e-n-accordion-item-title\" data-accordion-index=\"1\" tabindex=\"0\" aria-expanded=\"false\" aria-controls=\"e-n-accordion-item-4540\" >\n\t\t\t\t\t<span class='e-n-accordion-item-title-header'><div class=\"e-n-accordion-item-title-text\"> Publica\u00e7\u00f5es Comemorativas <\/div><\/span>\n\t\t\t\t\t\t\t<span class='e-n-accordion-item-title-icon'>\n\t\t\t<span class='e-opened' ><i aria-hidden=\"true\" class=\"fas fa-minus\"><\/i><\/span>\n\t\t\t<span class='e-closed'><i aria-hidden=\"true\" class=\"fas fa-chevron-down\"><\/i><\/span>\n\t\t<\/span>\n\n\t\t\t\t\t\t<\/summary>\n\t\t\t\t<div role=\"region\" aria-labelledby=\"e-n-accordion-item-4540\" class=\"elementor-element elementor-element-ef36b59 e-con-full e-flex e-con e-child\" data-id=\"ef36b59\" data-element_type=\"container\" data-e-type=\"container\">\n\t\t\t\t<div class=\"elementor-element elementor-element-0d15cea elementor-widget elementor-widget-text-editor\" data-id=\"0d15cea\" data-element_type=\"widget\" data-e-type=\"widget\" data-widget_type=\"text-editor.default\">\n\t\t\t\t<div class=\"elementor-widget-container\">\n\t\t\t\t\t\t\t\t\t<p><strong><em>\u2013<\/em><\/strong> <a href=\"https:\/\/www.mpc.pr.gov.br\/index.php\/revista-edicao-especial-50-anos-do-mpc-pr\/\">Revista Edi\u00e7\u00e3o Especial: 50 anos do MPC-PR<\/a><\/p><p><strong><em>\u2013 <\/em><\/strong><a href=\"https:\/\/www.mpc.pr.gov.br\/index.php\/cartilha-comemorativa-61-anos-do-mpc-pr\/\">Cartilha Comemorativa: 61 anos do MPC-PR<\/a><\/p><p><em><strong>\u2013<\/strong> <\/em><a href=\"https:\/\/www.mpc.pr.gov.br\/index.php\/boletim-especial-62-anos-do-mpc-pr\/\">Boletim Especial: 62 anos do MPC-PR<\/a><\/p>\t\t\t\t\t\t\t\t<\/div>\n\t\t\t\t<\/div>\n\t\t\t\t<\/div>\n\t\t\t\t\t<\/details>\n\t\t\t\t\t<\/div>\n\t\t\t\t\t\t<\/div>\n\t\t\t\t<\/div>\n\t\t\t\t<div class=\"elementor-element elementor-element-4f39e94 elementor-widget elementor-widget-n-accordion\" data-id=\"4f39e94\" data-element_type=\"widget\" data-e-type=\"widget\" data-settings=\"{&quot;default_state&quot;:&quot;all_collapsed&quot;,&quot;max_items_expended&quot;:&quot;one&quot;,&quot;n_accordion_animation_duration&quot;:{&quot;unit&quot;:&quot;ms&quot;,&quot;size&quot;:400,&quot;sizes&quot;:[]}}\" data-widget_type=\"nested-accordion.default\">\n\t\t\t\t<div class=\"elementor-widget-container\">\n\t\t\t\t\t\t\t<div class=\"e-n-accordion\" aria-label=\"Accordion. Open links with Enter or Space, close with Escape, and navigate with Arrow Keys\">\n\t\t\t\t\t\t<details id=\"e-n-accordion-item-8300\" class=\"e-n-accordion-item\" >\n\t\t\t\t<summary class=\"e-n-accordion-item-title\" data-accordion-index=\"1\" tabindex=\"0\" aria-expanded=\"false\" aria-controls=\"e-n-accordion-item-8300\" >\n\t\t\t\t\t<span class='e-n-accordion-item-title-header'><div class=\"e-n-accordion-item-title-text\"> E-books <\/div><\/span>\n\t\t\t\t\t\t\t<span class='e-n-accordion-item-title-icon'>\n\t\t\t<span class='e-opened' ><i aria-hidden=\"true\" class=\"fas fa-minus\"><\/i><\/span>\n\t\t\t<span class='e-closed'><i aria-hidden=\"true\" class=\"fas fa-chevron-down\"><\/i><\/span>\n\t\t<\/span>\n\n\t\t\t\t\t\t<\/summary>\n\t\t\t\t<div role=\"region\" aria-labelledby=\"e-n-accordion-item-8300\" class=\"elementor-element elementor-element-9352513 e-con-full e-flex e-con e-child\" data-id=\"9352513\" data-element_type=\"container\" data-e-type=\"container\">\n\t\t\t\t<div class=\"elementor-element elementor-element-41cf493 elementor-widget elementor-widget-text-editor\" data-id=\"41cf493\" data-element_type=\"widget\" data-e-type=\"widget\" data-widget_type=\"text-editor.default\">\n\t\t\t\t<div class=\"elementor-widget-container\">\n\t\t\t\t\t\t\t\t\t<p><strong><em>\u2013 <\/em><\/strong><a href=\"https:\/\/www.mpc.pr.gov.br\/index.php\/e-book-a-nova-lei-de-licitacoes-para-novos-prefeitos\/\">E-book &#8220;A Nova Lei de Licitac\u0327o\u0303es para Novos Prefeitos&#8221;\u200b<\/a><\/p><p><strong><em>\u2013 <\/em><\/strong><a href=\"https:\/\/www.mpc.pr.gov.br\/index.php\/e-book-implementacao-da-lgpd-para-novos-prefeitos\/\">E-book &#8220;Implementa\u00e7\u00e3o da LGPD para Novos Prefeitos&#8221;\u200b<\/a><\/p>\t\t\t\t\t\t\t\t<\/div>\n\t\t\t\t<\/div>\n\t\t\t\t<\/div>\n\t\t\t\t\t<\/details>\n\t\t\t\t\t<\/div>\n\t\t\t\t\t\t<\/div>\n\t\t\t\t<\/div>\n\t\t\t\t<div class=\"elementor-element elementor-element-2b8d78c elementor-align-justify elementor-widget elementor-widget-button\" data-id=\"2b8d78c\" data-element_type=\"widget\" data-e-type=\"widget\" data-widget_type=\"button.default\">\n\t\t\t\t<div class=\"elementor-widget-container\">\n\t\t\t\t\t\t\t\t\t<div class=\"elementor-button-wrapper\">\n\t\t\t\t\t<a class=\"elementor-button elementor-button-link elementor-size-sm\" href=\"https:\/\/revista.mpc.pr.gov.br\/index.php\/RMPCPR\/index\">\n\t\t\t\t\t\t<span class=\"elementor-button-content-wrapper\">\n\t\t\t\t\t\t\t\t\t<span class=\"elementor-button-text\">Revista MPC-PR<\/span>\n\t\t\t\t\t<\/span>\n\t\t\t\t\t<\/a>\n\t\t\t\t<\/div>\n\t\t\t\t\t\t\t\t<\/div>\n\t\t\t\t<\/div>\n\t\t\t\t<div class=\"elementor-element elementor-element-9c265db elementor-align-justify elementor-widget elementor-widget-button\" data-id=\"9c265db\" data-element_type=\"widget\" data-e-type=\"widget\" data-widget_type=\"button.default\">\n\t\t\t\t<div class=\"elementor-widget-container\">\n\t\t\t\t\t\t\t\t\t<div class=\"elementor-button-wrapper\">\n\t\t\t\t\t<a class=\"elementor-button elementor-button-link elementor-size-sm\" href=\"https:\/\/www.mpc.pr.gov.br\/index.php\/category\/boletim-informativo\/\">\n\t\t\t\t\t\t<span class=\"elementor-button-content-wrapper\">\n\t\t\t\t\t\t\t\t\t<span class=\"elementor-button-text\">Boletim Informativo<\/span>\n\t\t\t\t\t<\/span>\n\t\t\t\t\t<\/a>\n\t\t\t\t<\/div>\n\t\t\t\t\t\t\t\t<\/div>\n\t\t\t\t<\/div>\n\t\t\t\t\t<\/div>\n\t\t<\/div>\n\t\t\t\t<div class=\"elementor-column elementor-col-50 elementor-inner-column elementor-element elementor-element-5f19b13\" data-id=\"5f19b13\" data-element_type=\"column\" data-e-type=\"column\">\n\t\t\t<div class=\"elementor-widget-wrap elementor-element-populated\">\n\t\t\t\t\t\t<div class=\"elementor-element elementor-element-dea8b60 elementor-widget elementor-widget-heading\" data-id=\"dea8b60\" data-element_type=\"widget\" data-e-type=\"widget\" data-widget_type=\"heading.default\">\n\t\t\t\t<div class=\"elementor-widget-container\">\n\t\t\t\t\t<h2 class=\"elementor-heading-title elementor-size-default\"><span style=\"color: var( --e-global-color-primary );font-family: Roboto, sans-serif;font-size: 19px;font-style: normal;font-weight: 600;letter-spacing: 0.7px\">Guia de Boas Pr\u00e1ticas: Portais da Transpar\u00eancia<\/span><\/h2>\t\t\t\t<\/div>\n\t\t\t\t<\/div>\n\t\t\t\t<div class=\"elementor-element elementor-element-4ee64a9 elementor-widget elementor-widget-text-editor\" data-id=\"4ee64a9\" data-element_type=\"widget\" data-e-type=\"widget\" data-widget_type=\"text-editor.default\">\n\t\t\t\t<div class=\"elementor-widget-container\">\n\t\t\t\t\t\t\t\t\t<p><a href=\"http:\/\/www.mpc.pr.gov.br\/wp-content\/uploads\/2020\/06\/GUIA-DE-BOAS-PR\u00c1TICAS-PORTAIS-DA-TRANSPAR\u00caNCIA.pdf\"><img fetchpriority=\"high\" decoding=\"async\" class=\"pb-4 alignleft wp-image-740\" src=\"http:\/\/www.mpc.pr.gov.br\/wp-content\/uploads\/2020\/06\/GUIA-DE-BOAS-PR\u00c1TICAS-PORTAIS-DA-TRANSPAR\u00caNCIA-IMAG-724x1024.jpg\" alt=\"\" width=\"252\" height=\"356\" srcset=\"https:\/\/www.mpc.pr.gov.br\/wp-content\/uploads\/2020\/06\/GUIA-DE-BOAS-PR\u00c1TICAS-PORTAIS-DA-TRANSPAR\u00caNCIA-IMAG-724x1024.jpg 724w, https:\/\/www.mpc.pr.gov.br\/wp-content\/uploads\/2020\/06\/GUIA-DE-BOAS-PR\u00c1TICAS-PORTAIS-DA-TRANSPAR\u00caNCIA-IMAG-212x300.jpg 212w, https:\/\/www.mpc.pr.gov.br\/wp-content\/uploads\/2020\/06\/GUIA-DE-BOAS-PR\u00c1TICAS-PORTAIS-DA-TRANSPAR\u00caNCIA-IMAG.jpg 1414w\" sizes=\"(max-width: 252px) 100vw, 252px\" \/><\/a>Resultado do projeto especial de fiscaliza\u00e7\u00e3o dos Portais da Transpar\u00eancia dos Poderes Executivo e Legislativo municipais, o N\u00facleo de Intelig\u00eancia do MP de Contas do Paran\u00e1 (MPC-PR) lan\u00e7ou um Guia de Boas Pr\u00e1ticas, a fim de promover o cumprimento da Lei de Acesso \u00e0 Informa\u00e7\u00e3o (Lei n\u00b0 12.527\/2011), bem como a correta alimenta\u00e7\u00e3o dos portais pelos gestores p\u00fablicos.<\/p><p>O Guia compila uma s\u00e9rie de orienta\u00e7\u00f5es, as quais foram desenvolvidas a partir da legisla\u00e7\u00e3o vigente e das principais inconsist\u00eancias observadas pelo MPC-PR, quando do exerc\u00edcio da sua compet\u00eancia fiscalizat\u00f3ria. As impropriedades v\u00e3o desde a n\u00e3o disponibiliza\u00e7\u00e3o de dados, com a aus\u00eancia do quadro de cargos, at\u00e9 contradi\u00e7\u00f5es e omiss\u00f5es de informa\u00e7\u00f5es pelos entes municipais, tais como a n\u00e3o disponibiliza\u00e7\u00e3o da integra dos procedimentos licitat\u00f3rio e o n\u00e3o detalhamento das remunera\u00e7\u00f5es dos servidores p\u00fablicos.<\/p><p>Em raz\u00e3o disso, o N\u00facleo de Intelig\u00eancia destacou no Guia os temas sens\u00edveis para a Administra\u00e7\u00e3o P\u00fablica e para o controle social, entre eles os dados referentes \u00e0s licita\u00e7\u00f5es, contratos, recursos humanos, execu\u00e7\u00e3o or\u00e7ament\u00e1ria, di\u00e1rias e legisla\u00e7\u00e3o. O recorte do escopo de fiscaliza\u00e7\u00e3o tamb\u00e9m considerou informa\u00e7\u00f5es j\u00e1 constantes dos sistemas eletr\u00f4nicos do Tribunal de Contas.<\/p><p>Acesse o Guia de Boas Pr\u00e1ticas, <a href=\"http:\/\/www.mpc.pr.gov.br\/wp-content\/uploads\/2020\/06\/GUIA-DE-BOAS-PR\u00c1TICAS-PORTAIS-DA-TRANSPAR\u00caNCIA.pdf\">aqui<\/a>.<\/p>\t\t\t\t\t\t\t\t<\/div>\n\t\t\t\t<\/div>\n\t\t\t\t\t<\/div>\n\t\t<\/div>\n\t\t\t\t\t<\/div>\n\t\t<\/section>\n\t\t\t\t<\/div>\n\t\t","protected":false},"excerpt":{"rendered":"<p>Publica\u00e7\u00f5es Manuais e Cartilhas \u2013 Guia de Boas Pr\u00e1ticas: Portais da Transpar\u00eancia \u2013 Manual de Orienta\u00e7\u00e3o aos Gestores: Alimenta\u00e7\u00e3o Escolar \u2013 Cartilha MPC Explica para Voc\u00ea: LGPD x LAI \u2013 Cartilha \u201cCidad\u00e3o no Controle\u201d \u2013 Guia de Boas Pr\u00e1ticas: Portais da Transpar\u00eancia \u2013 Manual de Orienta\u00e7\u00e3o aos Gestores: Alimenta\u00e7\u00e3o Escolar \u2013 Cartilha MPC Explica para [&hellip;]<\/p>\n","protected":false},"author":1,"featured_media":0,"parent":0,"menu_order":0,"comment_status":"closed","ping_status":"closed","template":"elementor_header_footer","meta":{"_monsterinsights_skip_tracking":false,"_monsterinsights_sitenote_active":false,"_monsterinsights_sitenote_note":"","_monsterinsights_sitenote_category":0,"footnotes":""},"class_list":["post-20781","page","type-page","status-publish","hentry","entry"],"yoast_head":"<!-- This site is optimized with the Yoast SEO plugin v27.5 - https:\/\/yoast.com\/product\/yoast-seo-wordpress\/ -->\n<title>Guia de Boas Pr\u00e1ticas: Portais da Transpar\u00eancia - Minist\u00e9rio P\u00fablico de Contas do Estado do Paran\u00e1<\/title>\n<meta name=\"robots\" content=\"index, follow, max-snippet:-1, max-image-preview:large, max-video-preview:-1\" \/>\n<link rel=\"canonical\" href=\"https:\/\/www.mpc.pr.gov.br\/index.php\/guia-de-boas-praticas-portais-da-transparencia\/\" \/>\n<meta property=\"og:locale\" content=\"pt_BR\" \/>\n<meta property=\"og:type\" content=\"article\" \/>\n<meta property=\"og:title\" content=\"Guia de Boas Pr\u00e1ticas: Portais da Transpar\u00eancia - Minist\u00e9rio P\u00fablico de Contas do Estado do Paran\u00e1\" \/>\n<meta property=\"og:description\" content=\"Publica\u00e7\u00f5es Manuais e Cartilhas \u2013 Guia de Boas Pr\u00e1ticas: Portais da Transpar\u00eancia \u2013 Manual de Orienta\u00e7\u00e3o aos Gestores: Alimenta\u00e7\u00e3o Escolar \u2013 Cartilha MPC Explica para Voc\u00ea: LGPD x LAI \u2013 Cartilha \u201cCidad\u00e3o no Controle\u201d \u2013 Guia de Boas Pr\u00e1ticas: Portais da Transpar\u00eancia \u2013 Manual de Orienta\u00e7\u00e3o aos Gestores: Alimenta\u00e7\u00e3o Escolar \u2013 Cartilha MPC Explica para [&hellip;]\" \/>\n<meta property=\"og:url\" content=\"https:\/\/www.mpc.pr.gov.br\/index.php\/guia-de-boas-praticas-portais-da-transparencia\/\" \/>\n<meta property=\"og:site_name\" content=\"Minist\u00e9rio P\u00fablico de Contas do Estado do Paran\u00e1\" \/>\n<meta property=\"article:publisher\" content=\"https:\/\/www.facebook.com\/mpc.pr\" \/>\n<meta property=\"article:modified_time\" content=\"2025-02-13T14:39:53+00:00\" \/>\n<meta name=\"twitter:card\" content=\"summary_large_image\" \/>\n<meta name=\"twitter:label1\" content=\"Est. tempo de leitura\" \/>\n\t<meta name=\"twitter:data1\" content=\"3 minutos\" \/>\n<script type=\"application\/ld+json\" class=\"yoast-schema-graph\">{\"@context\":\"https:\\\/\\\/schema.org\",\"@graph\":[{\"@type\":\"WebPage\",\"@id\":\"https:\\\/\\\/www.mpc.pr.gov.br\\\/index.php\\\/guia-de-boas-praticas-portais-da-transparencia\\\/\",\"url\":\"https:\\\/\\\/www.mpc.pr.gov.br\\\/index.php\\\/guia-de-boas-praticas-portais-da-transparencia\\\/\",\"name\":\"Guia de Boas Pr\u00e1ticas: Portais da Transpar\u00eancia - Minist\u00e9rio P\u00fablico de Contas do Estado do Paran\u00e1\",\"isPartOf\":{\"@id\":\"https:\\\/\\\/www.mpc.pr.gov.br\\\/#website\"},\"datePublished\":\"2024-07-23T18:27:06+00:00\",\"dateModified\":\"2025-02-13T14:39:53+00:00\",\"breadcrumb\":{\"@id\":\"https:\\\/\\\/www.mpc.pr.gov.br\\\/index.php\\\/guia-de-boas-praticas-portais-da-transparencia\\\/#breadcrumb\"},\"inLanguage\":\"pt-BR\",\"potentialAction\":[{\"@type\":\"ReadAction\",\"target\":[\"https:\\\/\\\/www.mpc.pr.gov.br\\\/index.php\\\/guia-de-boas-praticas-portais-da-transparencia\\\/\"]}]},{\"@type\":\"BreadcrumbList\",\"@id\":\"https:\\\/\\\/www.mpc.pr.gov.br\\\/index.php\\\/guia-de-boas-praticas-portais-da-transparencia\\\/#breadcrumb\",\"itemListElement\":[{\"@type\":\"ListItem\",\"position\":1,\"name\":\"In\u00edcio\",\"item\":\"https:\\\/\\\/www.mpc.pr.gov.br\\\/\"},{\"@type\":\"ListItem\",\"position\":2,\"name\":\"Guia de Boas Pr\u00e1ticas: Portais da Transpar\u00eancia\"}]},{\"@type\":\"WebSite\",\"@id\":\"https:\\\/\\\/www.mpc.pr.gov.br\\\/#website\",\"url\":\"https:\\\/\\\/www.mpc.pr.gov.br\\\/\",\"name\":\"Minist\u00e9rio P\u00fablico de Contas do Estado do Paran\u00e1\",\"description\":\"\",\"publisher\":{\"@id\":\"https:\\\/\\\/www.mpc.pr.gov.br\\\/#organization\"},\"potentialAction\":[{\"@type\":\"SearchAction\",\"target\":{\"@type\":\"EntryPoint\",\"urlTemplate\":\"https:\\\/\\\/www.mpc.pr.gov.br\\\/?s={search_term_string}\"},\"query-input\":{\"@type\":\"PropertyValueSpecification\",\"valueRequired\":true,\"valueName\":\"search_term_string\"}}],\"inLanguage\":\"pt-BR\"},{\"@type\":\"Organization\",\"@id\":\"https:\\\/\\\/www.mpc.pr.gov.br\\\/#organization\",\"name\":\"Minist\u00e9rio P\u00fablico de Contas do Estado do Paran\u00e1\",\"url\":\"https:\\\/\\\/www.mpc.pr.gov.br\\\/\",\"logo\":{\"@type\":\"ImageObject\",\"inLanguage\":\"pt-BR\",\"@id\":\"https:\\\/\\\/www.mpc.pr.gov.br\\\/#\\\/schema\\\/logo\\\/image\\\/\",\"url\":\"https:\\\/\\\/www.mpc.pr.gov.br\\\/wp-content\\\/uploads\\\/2020\\\/06\\\/99423647_1593460364143890_6706793420720963584_n-1-e1591387983167.png\",\"contentUrl\":\"https:\\\/\\\/www.mpc.pr.gov.br\\\/wp-content\\\/uploads\\\/2020\\\/06\\\/99423647_1593460364143890_6706793420720963584_n-1-e1591387983167.png\",\"width\":243,\"height\":73,\"caption\":\"Minist\u00e9rio P\u00fablico de Contas do Estado do Paran\u00e1\"},\"image\":{\"@id\":\"https:\\\/\\\/www.mpc.pr.gov.br\\\/#\\\/schema\\\/logo\\\/image\\\/\"},\"sameAs\":[\"https:\\\/\\\/www.facebook.com\\\/mpc.pr\",\"https:\\\/\\\/www.instagram.com\\\/mpc.pr\\\/?hl=pt-br\",\"https:\\\/\\\/www.youtube.com\\\/channel\\\/UCHri5oEM8DV0ztX57E0sBSw\"]}]}<\/script>\n<!-- \/ Yoast SEO plugin. -->","yoast_head_json":{"title":"Guia de Boas Pr\u00e1ticas: Portais da Transpar\u00eancia - Minist\u00e9rio P\u00fablico de Contas do Estado do Paran\u00e1","robots":{"index":"index","follow":"follow","max-snippet":"max-snippet:-1","max-image-preview":"max-image-preview:large","max-video-preview":"max-video-preview:-1"},"canonical":"https:\/\/www.mpc.pr.gov.br\/index.php\/guia-de-boas-praticas-portais-da-transparencia\/","og_locale":"pt_BR","og_type":"article","og_title":"Guia de Boas Pr\u00e1ticas: Portais da Transpar\u00eancia - Minist\u00e9rio P\u00fablico de Contas do Estado do Paran\u00e1","og_description":"Publica\u00e7\u00f5es Manuais e Cartilhas \u2013 Guia de Boas Pr\u00e1ticas: Portais da Transpar\u00eancia \u2013 Manual de Orienta\u00e7\u00e3o aos Gestores: Alimenta\u00e7\u00e3o Escolar \u2013 Cartilha MPC Explica para Voc\u00ea: LGPD x LAI \u2013 Cartilha \u201cCidad\u00e3o no Controle\u201d \u2013 Guia de Boas Pr\u00e1ticas: Portais da Transpar\u00eancia \u2013 Manual de Orienta\u00e7\u00e3o aos Gestores: Alimenta\u00e7\u00e3o Escolar \u2013 Cartilha MPC Explica para [&hellip;]","og_url":"https:\/\/www.mpc.pr.gov.br\/index.php\/guia-de-boas-praticas-portais-da-transparencia\/","og_site_name":"Minist\u00e9rio P\u00fablico de Contas do Estado do Paran\u00e1","article_publisher":"https:\/\/www.facebook.com\/mpc.pr","article_modified_time":"2025-02-13T14:39:53+00:00","twitter_card":"summary_large_image","twitter_misc":{"Est. tempo de leitura":"3 minutos"},"schema":{"@context":"https:\/\/schema.org","@graph":[{"@type":"WebPage","@id":"https:\/\/www.mpc.pr.gov.br\/index.php\/guia-de-boas-praticas-portais-da-transparencia\/","url":"https:\/\/www.mpc.pr.gov.br\/index.php\/guia-de-boas-praticas-portais-da-transparencia\/","name":"Guia de Boas Pr\u00e1ticas: Portais da Transpar\u00eancia - Minist\u00e9rio P\u00fablico de Contas do Estado do Paran\u00e1","isPartOf":{"@id":"https:\/\/www.mpc.pr.gov.br\/#website"},"datePublished":"2024-07-23T18:27:06+00:00","dateModified":"2025-02-13T14:39:53+00:00","breadcrumb":{"@id":"https:\/\/www.mpc.pr.gov.br\/index.php\/guia-de-boas-praticas-portais-da-transparencia\/#breadcrumb"},"inLanguage":"pt-BR","potentialAction":[{"@type":"ReadAction","target":["https:\/\/www.mpc.pr.gov.br\/index.php\/guia-de-boas-praticas-portais-da-transparencia\/"]}]},{"@type":"BreadcrumbList","@id":"https:\/\/www.mpc.pr.gov.br\/index.php\/guia-de-boas-praticas-portais-da-transparencia\/#breadcrumb","itemListElement":[{"@type":"ListItem","position":1,"name":"In\u00edcio","item":"https:\/\/www.mpc.pr.gov.br\/"},{"@type":"ListItem","position":2,"name":"Guia de Boas Pr\u00e1ticas: Portais da Transpar\u00eancia"}]},{"@type":"WebSite","@id":"https:\/\/www.mpc.pr.gov.br\/#website","url":"https:\/\/www.mpc.pr.gov.br\/","name":"Minist\u00e9rio P\u00fablico de Contas do Estado do Paran\u00e1","description":"","publisher":{"@id":"https:\/\/www.mpc.pr.gov.br\/#organization"},"potentialAction":[{"@type":"SearchAction","target":{"@type":"EntryPoint","urlTemplate":"https:\/\/www.mpc.pr.gov.br\/?s={search_term_string}"},"query-input":{"@type":"PropertyValueSpecification","valueRequired":true,"valueName":"search_term_string"}}],"inLanguage":"pt-BR"},{"@type":"Organization","@id":"https:\/\/www.mpc.pr.gov.br\/#organization","name":"Minist\u00e9rio P\u00fablico de Contas do Estado do Paran\u00e1","url":"https:\/\/www.mpc.pr.gov.br\/","logo":{"@type":"ImageObject","inLanguage":"pt-BR","@id":"https:\/\/www.mpc.pr.gov.br\/#\/schema\/logo\/image\/","url":"https:\/\/www.mpc.pr.gov.br\/wp-content\/uploads\/2020\/06\/99423647_1593460364143890_6706793420720963584_n-1-e1591387983167.png","contentUrl":"https:\/\/www.mpc.pr.gov.br\/wp-content\/uploads\/2020\/06\/99423647_1593460364143890_6706793420720963584_n-1-e1591387983167.png","width":243,"height":73,"caption":"Minist\u00e9rio P\u00fablico de Contas do Estado do Paran\u00e1"},"image":{"@id":"https:\/\/www.mpc.pr.gov.br\/#\/schema\/logo\/image\/"},"sameAs":["https:\/\/www.facebook.com\/mpc.pr","https:\/\/www.instagram.com\/mpc.pr\/?hl=pt-br","https:\/\/www.youtube.com\/channel\/UCHri5oEM8DV0ztX57E0sBSw"]}]}},"rttpg_featured_image_url":null,"rttpg_author":{"display_name":"mpcontaspr","author_link":"https:\/\/www.mpc.pr.gov.br\/index.php\/author\/mpcontaspr\/"},"rttpg_comment":0,"rttpg_category":null,"rttpg_excerpt":"Publica\u00e7\u00f5es Manuais e Cartilhas \u2013 Guia de Boas Pr\u00e1ticas: Portais da Transpar\u00eancia \u2013 Manual de Orienta\u00e7\u00e3o aos Gestores: Alimenta\u00e7\u00e3o Escolar \u2013 Cartilha MPC Explica para Voc\u00ea: LGPD x LAI \u2013 Cartilha \u201cCidad\u00e3o no Controle\u201d \u2013 Guia de Boas Pr\u00e1ticas: Portais da Transpar\u00eancia \u2013 Manual de Orienta\u00e7\u00e3o aos Gestores: Alimenta\u00e7\u00e3o Escolar \u2013 Cartilha MPC Explica para&hellip;","_links":{"self":[{"href":"https:\/\/www.mpc.pr.gov.br\/index.php\/wp-json\/wp\/v2\/pages\/20781","targetHints":{"allow":["GET"]}}],"collection":[{"href":"https:\/\/www.mpc.pr.gov.br\/index.php\/wp-json\/wp\/v2\/pages"}],"about":[{"href":"https:\/\/www.mpc.pr.gov.br\/index.php\/wp-json\/wp\/v2\/types\/page"}],"author":[{"embeddable":true,"href":"https:\/\/www.mpc.pr.gov.br\/index.php\/wp-json\/wp\/v2\/users\/1"}],"replies":[{"embeddable":true,"href":"https:\/\/www.mpc.pr.gov.br\/index.php\/wp-json\/wp\/v2\/comments?post=20781"}],"version-history":[{"count":36,"href":"https:\/\/www.mpc.pr.gov.br\/index.php\/wp-json\/wp\/v2\/pages\/20781\/revisions"}],"predecessor-version":[{"id":22563,"href":"https:\/\/www.mpc.pr.gov.br\/index.php\/wp-json\/wp\/v2\/pages\/20781\/revisions\/22563"}],"wp:attachment":[{"href":"https:\/\/www.mpc.pr.gov.br\/index.php\/wp-json\/wp\/v2\/media?parent=20781"}],"curies":[{"name":"wp","href":"https:\/\/api.w.org\/{rel}","templated":true}]}}